{"id":25834,"date":"2020-12-12T17:47:52","date_gmt":"2020-12-12T16:47:52","guid":{"rendered":"https:\/\/balkon.art\/home\/?page_id=25834"},"modified":"2020-12-13T07:15:10","modified_gmt":"2020-12-13T06:15:10","slug":"fkse-patron-2020","status":"publish","type":"page","link":"https:\/\/balkon.art\/home\/online-2020\/fkse-patron-2020\/","title":{"rendered":"FKSE \u2013 Patron 2020"},"content":{"rendered":"[vc_row type=&#8221;in_container&#8221; full_screen_row_position=&#8221;middle&#8221; column_margin=&#8221;default&#8221; column_direction=&#8221;default&#8221; column_direction_tablet=&#8221;default&#8221; column_direction_phone=&#8221;default&#8221; scene_position=&#8221;center&#8221; text_color=&#8221;dark&#8221; text_align=&#8221;left&#8221; row_border_radius=&#8221;none&#8221; row_border_radius_applies=&#8221;bg&#8221; overlay_strength=&#8221;0.3&#8243; gradient_direction=&#8221;left_to_right&#8221; shape_divider_position=&#8221;bottom&#8221; bg_image_animation=&#8221;none&#8221; shape_type=&#8221;&#8221;][vc_column column_padding=&#8221;no-extra-padding&#8221; column_padding_tablet=&#8221;inherit&#8221; column_padding_phone=&#8221;inherit&#8221; column_padding_position=&#8221;all&#8221; background_color_opacity=&#8221;1&#8243; background_hover_color_opacity=&#8221;1&#8243; column_shadow=&#8221;none&#8221; column_border_radius=&#8221;none&#8221; column_link_target=&#8221;_self&#8221; el_class=&#8221;p-cont-4-4&#8243; gradient_direction=&#8221;left_to_right&#8221; overlay_strength=&#8221;0.3&#8243; width=&#8221;1\/1&#8243; tablet_width_inherit=&#8221;default&#8221; tablet_text_alignment=&#8221;default&#8221; phone_text_alignment=&#8221;default&#8221; column_border_width=&#8221;none&#8221; column_border_style=&#8221;solid&#8221; bg_image_animation=&#8221;none&#8221;][vc_column_text]\n<h4>Az FKSE kar\u00e1csonyi online m\u0171t\u00e1rgyv\u00e1s\u00e1ra \u00e9s ki\u00e1ll\u00edt\u00e1sa<br \/>\n2020. december 1 \u2013 december 19.<\/h4>\n[\/vc_column_text][\/vc_column][\/vc_row][vc_row type=&#8221;full_width_content&#8221; full_screen_row_position=&#8221;middle&#8221; column_margin=&#8221;default&#8221; column_direction=&#8221;default&#8221; column_direction_tablet=&#8221;default&#8221; column_direction_phone=&#8221;default&#8221; bg_color=&#8221;#f7f7f7&#8243; bg_image=&#8221;25840&#8243; bg_position=&#8221;center center&#8221; bg_repeat=&#8221;no-repeat&#8221; scene_position=&#8221;center&#8221; text_color=&#8221;dark&#8221; text_align=&#8221;left&#8221; row_border_radius=&#8221;none&#8221; row_border_radius_applies=&#8221;bg&#8221; zindex=&#8221;100&#8243; class=&#8221;p-8-0&#8243; overlay_strength=&#8221;0.3&#8243; gradient_direction=&#8221;left_to_right&#8221; shape_divider_position=&#8221;bottom&#8221; bg_image_animation=&#8221;none&#8221; shape_type=&#8221;&#8221;][vc_column column_padding=&#8221;no-extra-padding&#8221; column_padding_tablet=&#8221;inherit&#8221; column_padding_phone=&#8221;inherit&#8221; column_padding_position=&#8221;all&#8221; background_color_opacity=&#8221;1&#8243; background_hover_color_opacity=&#8221;1&#8243; column_shadow=&#8221;none&#8221; column_border_radius=&#8221;none&#8221; column_link_target=&#8221;_blank&#8221; gradient_direction=&#8221;left_to_right&#8221; overlay_strength=&#8221;0.3&#8243; width=&#8221;1\/1&#8243; tablet_width_inherit=&#8221;default&#8221; tablet_text_alignment=&#8221;default&#8221; phone_text_alignment=&#8221;default&#8221; column_border_width=&#8221;none&#8221; column_border_style=&#8221;solid&#8221; bg_image_animation=&#8221;none&#8221;][vc_row_inner column_margin=&#8221;default&#8221; column_direction=&#8221;default&#8221; column_direction_tablet=&#8221;default&#8221; column_direction_phone=&#8221;default&#8221; top_padding=&#8221;20vh&#8221; bottom_padding=&#8221;25vh&#8221; text_align=&#8221;left&#8221;][vc_column_inner column_padding=&#8221;no-extra-padding&#8221; column_padding_tablet=&#8221;inherit&#8221; column_padding_phone=&#8221;inherit&#8221; column_padding_position=&#8221;all&#8221; background_color_opacity=&#8221;1&#8243; background_hover_color_opacity=&#8221;1&#8243; column_shadow=&#8221;none&#8221; column_border_radius=&#8221;none&#8221; column_link_target=&#8221;_blank&#8221; gradient_direction=&#8221;left_to_right&#8221; overlay_strength=&#8221;0.3&#8243; width=&#8221;1\/1&#8243; tablet_width_inherit=&#8221;default&#8221; column_border_width=&#8221;none&#8221; column_border_style=&#8221;solid&#8221; bg_image_animation=&#8221;none&#8221; column_link=&#8221;https:\/\/issuu.com\/fksestudio\/docs\/patron_issuu__1_&#8221;][nectar_scrolling_text scroll_direction=&#8221;ltr&#8221; scroll_speed=&#8221;medium&#8221; text_color=&#8221;#ffffff&#8221; style=&#8221;default&#8221; text_repeat_number=&#8221;3&#8243; text_repeat_divider=&#8221;none&#8221; overflow=&#8221;hidden&#8221; background_image_animation=&#8221;None&#8221; scroll_functionality=&#8221;automatic&#8221; custom_font_size=&#8221;6vw&#8221; custom_font_size_mobile=&#8221;8vw&#8221;]\n<h2 style=\"color: #f4ec09;\"><em>PATRON 2020 | katal\u00f3gus itt | <\/em><\/h2>\n[\/nectar_scrolling_text][\/vc_column_inner][\/vc_row_inner][\/vc_column][\/vc_row][vc_row type=&#8221;in_container&#8221; full_screen_row_position=&#8221;bottom&#8221; column_margin=&#8221;default&#8221; column_direction=&#8221;default&#8221; column_direction_tablet=&#8221;default&#8221; column_direction_phone=&#8221;default&#8221; scene_position=&#8221;center&#8221; text_color=&#8221;custom&#8221; custom_text_color=&#8221;#000000&#8243; text_align=&#8221;left&#8221; row_border_radius=&#8221;none&#8221; row_border_radius_applies=&#8221;bg&#8221; class=&#8221;p-6-0&#8243; id=&#8221;one&#8221; overlay_strength=&#8221;0.5&#8243; gradient_direction=&#8221;left_to_right&#8221; shape_divider_position=&#8221;bottom&#8221; bg_image_animation=&#8221;none&#8221; bbsm_scene=&#8221;scene-sequence-image-repeat&#8221; shape_type=&#8221;&#8221; bb_sm_mode=&#8221;yes&#8221;][vc_column column_padding=&#8221;no-extra-padding&#8221; column_padding_tablet=&#8221;inherit&#8221; column_padding_phone=&#8221;inherit&#8221; column_padding_position=&#8221;left-right&#8221; background_color_opacity=&#8221;1&#8243; background_hover_color_opacity=&#8221;1&#8243; font_color=&#8221;#000000&#8243; column_shadow=&#8221;none&#8221; column_border_radius=&#8221;none&#8221; column_link_target=&#8221;_self&#8221; gradient_direction=&#8221;left_to_right&#8221; overlay_strength=&#8221;0.3&#8243; width=&#8221;1\/1&#8243; tablet_width_inherit=&#8221;default&#8221; tablet_text_alignment=&#8221;default&#8221; phone_text_alignment=&#8221;default&#8221; column_border_width=&#8221;none&#8221; column_border_style=&#8221;solid&#8221; bg_image_animation=&#8221;none&#8221;][vc_column_text el_class=&#8221;black&#8221;]\n<p class=\"leiras-gr\">A 10. PATRON m\u0171t\u00e1rgyv\u00e1s\u00e1r t\u00f6bb mint nyolcvan m\u0171v\u00e9sz 140 alkot\u00e1s\u00e1t vonultatja fel, els\u0151sorban online form\u00e1ban.<br \/>\nA v\u00e1s\u00e1rl\u00e1si sz\u00e1nd\u00e9kot a <a href=\"mailto:fiatalkepzomuveszekstudioja@gmail.com\" target=\"_blank\" rel=\"noopener\">fiatalkepzomuveszekstudioja@gmail.com<\/a> email c\u00edmen lehet jelezni, \u2019Patron v\u00e1s\u00e1rl\u00e1s\u2019 ker\u00fclj\u00f6n a t\u00e1rgy mez\u0151be.<\/p>\n<p class=\"leiras-gr\">A lev\u00e9lben az al\u00e1bbiakat kell felt\u00fcntetni:<br \/>\n\u2013 a kiv\u00e1lasztott m\u0171\/m\u0171vek t\u00e9telsz\u00e1ma, a m\u0171v\u00e9sz neve \u00e9s a m\u0171 c\u00edme<br \/>\n\u2013 telefonos el\u00e9rhet\u0151s\u00e9g<\/p>\n<p class=\"leiras-gr\">A v\u00e9tel\u00e1r fizet\u00e9se k\u00e9t r\u00e9szletben lehets\u00e9ges (40\u201360 %), k\u00e9szp\u00e9nzben \u00e9s\/vagy \u00e1tutal\u00e1ssal. A fizet\u00e9s praktikus r\u00e9szleteit a St\u00fadi\u00f3 v\u00e1lasz-emailben egyezteti mindenkivel. A m\u0171veket szem\u00e9lyesen lehet \u00e1tvenni az FKSE irod\u00e1j\u00e1nak nyitvatart\u00e1si idej\u00e9ben:<br \/>\ncs\u00fct\u00f6rt\u00f6k 14.00\u201318.00<br \/>\np\u00e9ntek 14.00\u201318.00<br \/>\nszombat 10.00\u201314.00<br \/>\na v\u00e1s\u00e1r teljes ideje alatt (2020. december 1\u201319.).<\/p>\n<p class=\"leiras-gr\">A katal\u00f3gusban szerepl\u0151 m\u0171vekkel vagy a v\u00e1s\u00e1rl\u00e1ssal kapcsolatos k\u00e9rd\u00e9seket a fiatalkepzomuveszekstudioja@gmail.com email c\u00edmre lehet elk\u00fcldeni.<\/p>\n<p class=\"leiras-gr\">A r\u00e9sztvev\u0151 m\u0171v\u00e9szek:<br \/>\nALM\u00c1SY Ivor, ANTAL Bal\u00e1zs, BALOGH Vikt\u00f3ria, BE\u00d6THY Bal\u00e1zs, BILAK KRYSTYNA, BIR\u00d3 D\u00e1vid, BORI Om, BOZZAI D\u00e1niel, BUBLA \u00c9va, BUCSK\u00d3 Mih\u00e1ly, CZANK Ninetta, CZENE M\u00e1rta, D\u00c9NES \u00c1gnes D\u00f3ra, DOBOKAY M\u00e1t\u00e9, ENZS\u00d6LY Kinga, EPERJESI \u00c1gnes, ESTERH\u00c1ZY Marcell, F\u00c1TYOL Viola, FELSMANN Istv\u00e1n, FISCHER Judit, FODOR D\u00e1niel J\u00e1nos, FODOR Emese, FUSZ M\u00e1ty\u00e1s, GALLOV P\u00e9ter, GEIBL Kata, GY\u0150RI Blanka \u00e9s LABUS M\u00e1t\u00e9, HAJDU Levente, HATH\u00c1ZI L\u00e1szl\u00f3, HORV\u00c1TH Gideon, HORV\u00c1TH Vill\u0151, ILAUSZKY Tam\u00e1s \u2013 SZAB\u00d3 Eszter \u00c1gnes, JAGICZA Patr\u00edcia, JAUERNIK Zs\u00f3fia, K\u00c1RP\u00c1TI J\u00e1nos Iv\u00e1n, KESERUE Zsolt, KIR\u00c1LY Andr\u00e1s, KOCSI Olga Piroska, KORTMANN J\u00c1RAY Katalin, KRIST\u00d3F G\u00e1bor, KRIST\u00d3F Kriszti\u00e1n, K\u00daTV\u00d6LGYI-SZAB\u00d3 \u00c1ron, LACI &amp; BAL\u00c1ZS (Hath\u00e1zi L\u00e1szl\u00f3 \u2013 Antal Bal\u00e1zs), L\u00c1SZL\u00d3 Gergely (Tehnica Schweiz) + Katarina \u0160EVI\u0106, MARTINK\u00d3 M\u00e1rk, M\u00c9CS Mikl\u00f3s, M\u00c9ZES T\u00fcnde, MONHOR Vikt\u00f3ria, NEMES Csaba, ORB\u00c1N Gy\u00f6rgy, OROSZ Kl\u00e1ra, PACSIKA Rudolf, PAD, P\u00c1L Zsuzsanna Rebeka, PET\u0150 Hunor, PUKLUS P\u00e9ter, REG\u0150S Benedek, RUDAS Kl\u00e1ra, SUG\u00c1R J\u00e1nos, S\u00dcVEGES Rita, SZAB\u00d3 Dorottya, SZAB\u00d3 Eszter, SZAB\u00d3 Eszter \u00c1gnes, SZACSVA Y P\u00e1l, SZ\u00c9CS\u00c9NYI-NAGY Lor\u00e1nd, SZEMZ\u0150 Zs\u00f3fia, SZIGETHY Anna, SZ\u00cdJ Kamilla, SZTEFANU Marina, SZUHAREVSZKI Mih\u00e1ly, TARR Hajnalka, TEPL\u00c1N N\u00f3ra, TIBOR Zsolt, T\u00d3TH Bal\u00e1zs M\u00e1t\u00e9, VARGA Rita, V\u00c1CZI Lilla \u00c9va, ZALAV\u00c1RI Andr\u00e1s, Z\u00c1VORSZKY-SIMON M\u00e1rton<\/p>\n[\/vc_column_text][\/vc_column][\/vc_row][vc_row type=&#8221;full_width_content&#8221; full_screen_row_position=&#8221;middle&#8221; column_margin=&#8221;default&#8221; column_direction=&#8221;default&#8221; column_direction_tablet=&#8221;default&#8221; column_direction_phone=&#8221;default&#8221; scene_position=&#8221;center&#8221; text_color=&#8221;dark&#8221; text_align=&#8221;left&#8221; row_border_radius=&#8221;none&#8221; row_border_radius_applies=&#8221;bg&#8221; overlay_strength=&#8221;0.3&#8243; gradient_direction=&#8221;left_to_right&#8221; shape_divider_position=&#8221;bottom&#8221; bg_image_animation=&#8221;none&#8221; shape_type=&#8221;&#8221;][vc_column column_padding=&#8221;no-extra-padding&#8221; column_padding_tablet=&#8221;inherit&#8221; column_padding_phone=&#8221;inherit&#8221; column_padding_position=&#8221;right&#8221; centered_text=&#8221;true&#8221; background_color_opacity=&#8221;1&#8243; background_hover_color_opacity=&#8221;1&#8243; column_shadow=&#8221;none&#8221; column_border_radius=&#8221;none&#8221; column_link_target=&#8221;_self&#8221; el_class=&#8221;p-3-3&#8243; gradient_direction=&#8221;left_to_right&#8221; overlay_strength=&#8221;0.3&#8243; width=&#8221;1\/1&#8243; tablet_width_inherit=&#8221;default&#8221; tablet_text_alignment=&#8221;default&#8221; phone_text_alignment=&#8221;default&#8221; column_border_width=&#8221;none&#8221; column_border_style=&#8221;solid&#8221; bg_image_animation=&#8221;none&#8221;]<div class=\"sharing-default-minimal\"><div class=\"nectar-social default\" data-position=\"left\" data-color-override=\"override\"><div class=\"nectar-social-inner\"><a class='facebook-share nectar-sharing' href='#' title='Share this'>  <i class='fa fa-facebook'><\/i> <span class='social-text'>Share<\/span> <\/a><a class='twitter-share nectar-sharing' href='#' title='Share this'> <i class='fa icon-salient-x-twitter'><\/i> <span class='social-text'>Share<\/span> <\/a><a class='pinterest-share nectar-sharing' href='#' title='Pin this'> <i class='fa fa-pinterest'><\/i> <span class='social-text'>Pin<\/span> <\/a><\/div><\/div><\/div>[\/vc_column][\/vc_row]\n","protected":false},"excerpt":{"rendered":"<p>[vc_row type=&#8221;in_container&#8221; full_screen_row_position=&#8221;middle&#8221; column_margin=&#8221;default&#8221; column_direction=&#8221;default&#8221; column_direction_tablet=&#8221;default&#8221; column_direction_phone=&#8221;default&#8221; scene_position=&#8221;center&#8221; text_color=&#8221;dark&#8221; text_align=&#8221;left&#8221; row_border_radius=&#8221;none&#8221; row_border_radius_applies=&#8221;bg&#8221; overlay_strength=&#8221;0.3&#8243; gradient_direction=&#8221;left_to_right&#8221; shape_divider_position=&#8221;bottom&#8221; bg_image_animation=&#8221;none&#8221; shape_type=&#8221;&#8221;][vc_column column_padding=&#8221;no-extra-padding&#8221; column_padding_tablet=&#8221;inherit&#8221; column_padding_phone=&#8221;inherit&#8221; column_padding_position=&#8221;all&#8221; background_color_opacity=&#8221;1&#8243; background_hover_color_opacity=&#8221;1&#8243; column_shadow=&#8221;none&#8221; column_border_radius=&#8221;none&#8221; column_link_target=&#8221;_self&#8221; el_class=&#8221;p-cont-4-4&#8243; gradient_direction=&#8221;left_to_right&#8221; overlay_strength=&#8221;0.3&#8243; width=&#8221;1\/1&#8243;&#8230;<\/p>\n","protected":false},"author":1,"featured_media":25835,"parent":22893,"menu_order":127,"comment_status":"closed","ping_status":"closed","template":"","meta":{"_acf_changed":false,"h5ap_radio_sources":[],"footnotes":""},"page_kiemeles":[],"page_online-evek":[],"class_list":["post-25834","page","type-page","status-publish","has-post-thumbnail"],"acf":[],"_links":{"self":[{"href":"https:\/\/balkon.art\/home\/wp-json\/wp\/v2\/pages\/25834","targetHints":{"allow":["GET"]}}],"collection":[{"href":"https:\/\/balkon.art\/home\/wp-json\/wp\/v2\/pages"}],"about":[{"href":"https:\/\/balkon.art\/home\/wp-json\/wp\/v2\/types\/page"}],"author":[{"embeddable":true,"href":"https:\/\/balkon.art\/home\/wp-json\/wp\/v2\/users\/1"}],"replies":[{"embeddable":true,"href":"https:\/\/balkon.art\/home\/wp-json\/wp\/v2\/comments?post=25834"}],"version-history":[{"count":0,"href":"https:\/\/balkon.art\/home\/wp-json\/wp\/v2\/pages\/25834\/revisions"}],"up":[{"embeddable":true,"href":"https:\/\/balkon.art\/home\/wp-json\/wp\/v2\/pages\/22893"}],"wp:featuredmedia":[{"embeddable":true,"href":"https:\/\/balkon.art\/home\/wp-json\/wp\/v2\/media\/25835"}],"wp:attachment":[{"href":"https:\/\/balkon.art\/home\/wp-json\/wp\/v2\/media?parent=25834"}],"wp:term":[{"taxonomy":"page_kiemeles","embeddable":true,"href":"https:\/\/balkon.art\/home\/wp-json\/wp\/v2\/page_kiemeles?post=25834"},{"taxonomy":"page_online-evek","embeddable":true,"href":"https:\/\/balkon.art\/home\/wp-json\/wp\/v2\/page_online-evek?post=25834"}],"curies":[{"name":"wp","href":"https:\/\/api.w.org\/{rel}","templated":true}]}}