{"id":19368,"date":"2019-04-01T09:56:03","date_gmt":"2019-04-01T07:56:03","guid":{"rendered":"https:\/\/balkon.art\/home\/?page_id=19368"},"modified":"2020-05-10T10:00:38","modified_gmt":"2020-05-10T08:00:38","slug":"1971-parhuzamos-kulonidok","status":"publish","type":"page","link":"https:\/\/balkon.art\/home\/online-2019\/1971-parhuzamos-kulonidok\/","title":{"rendered":"1971 P\u00e1rhuzamos k\u00fcl\u00f6nid\u0151k"},"content":{"rendered":"[vc_row type=&#8221;in_container&#8221; full_screen_row_position=&#8221;middle&#8221; scene_position=&#8221;center&#8221; text_color=&#8221;dark&#8221; text_align=&#8221;left&#8221; overlay_strength=&#8221;0.3&#8243; shape_divider_position=&#8221;bottom&#8221; bg_image_animation=&#8221;none&#8221;][\/vc_row][vc_row type=&#8221;in_container&#8221; full_screen_row_position=&#8221;middle&#8221; scene_position=&#8221;center&#8221; text_color=&#8221;dark&#8221; text_align=&#8221;left&#8221; overlay_strength=&#8221;0.3&#8243; shape_divider_position=&#8221;bottom&#8221; bg_image_animation=&#8221;none&#8221;][vc_column column_padding=&#8221;no-extra-padding&#8221; column_padding_position=&#8221;top-bottom&#8221; background_color_opacity=&#8221;1&#8243; background_hover_color_opacity=&#8221;1&#8243; column_link_target=&#8221;_self&#8221; column_shadow=&#8221;none&#8221; column_border_radius=&#8221;none&#8221; el_class=&#8221;p-4-6&#8243; width=&#8221;1\/1&#8243; tablet_width_inherit=&#8221;default&#8221; tablet_text_alignment=&#8221;default&#8221; phone_text_alignment=&#8221;default&#8221; column_border_width=&#8221;none&#8221; column_border_style=&#8221;solid&#8221; bg_image_animation=&#8221;none&#8221;][vc_column_text]\n<h2>A Kiscelli M\u00fazeum \u2013 F\u0151v\u00e1rosi K\u00e9pt\u00e1r \u00e9s a tranzit.hu k\u00f6z\u00f6s ki\u00e1ll\u00edt\u00e1sa<\/h2>\n[\/vc_column_text][divider line_type=&#8221;No Line&#8221; custom_height=&#8221;45&#8243;][vc_column_text]\n<h4>BTM Kiscelli M\u00fazeum \u2013 F\u0151v\u00e1rosi K\u00e9pt\u00e1r<br \/>\n2018. okt\u00f3ber 13 \u2013 2019. m\u00e1rcius 24.<\/h4>\n[\/vc_column_text][divider line_type=&#8221;No Line&#8221; custom_height=&#8221;45&#8243;][vc_column_text]\n<h4>Kur\u00e1torok: Hegyi\u2008D\u00f3ra,\u2008L\u00e1szl\u00f3\u2008Zsuzsa,\u2008Leposa\u2008Zs\u00f3ka,\u2008R\u00f3ka\u2008Enik\u0151,\u2008Sz\u00e1zados\u2008L\u00e1szl\u00f3<\/h4>\n<h4 style=\"margin-top: 30px;\">K\u00f6zrem\u0171k\u00f6d\u0151 k\u00e9pz\u0151m\u0171v\u00e9sz: Kasz\u00e1s Tam\u00e1s<\/h4>\n<h4 style=\"margin-top: 30px;\">M\u0171v\u00e9szek: Attalai\u2008G\u00e1bor,\u2008Bak\u2008Imre,\u2008B\u00e1lint\u2008Endre,\u2008B\u00e1lint\u2008Istv\u00e1n,\u2008Baranyay\u2008Andr\u00e1s,\u2008Cs\u00e1ji\u2008Attila,\u2008Csiky\u2008Tibor,\u2008Csutoros\u2008S\u00e1ndor,\u2008Domanovszky\u2008Endre,\u2008Don\u00e1th\u2008P\u00e9ter,\u2008Erd\u00e9ly\u2008Mikl\u00f3s,\u2008Faj\u00f3\u2008J\u00e1nos,\u2008Ficzek\u2008Ferenc,\u2008Guly\u00e1s\u2008Gyula,\u2008Haraszty\u2008Istv\u00e1n,\u2008Hencze\u2008Tam\u00e1s,\u2008Hincz\u2008Gyula,\u2008Jov\u00e1novics\u2008Gy\u00f6rgy,\u2008Kem\u00e9ny\u2008Gy\u00f6rgy,\u2008Ker\u00e9nyi\u2008Jen\u0151,\u2008Keser\u00fc\u2008Ilona,\u2008Kism\u00e1nyoky\u2008K\u00e1roly,\u2008Kokas\u2008Ign\u00e1c,\u2008Kondor\u2008B\u00e9la,\u2008Korniss\u2008Dezs\u0151,\u2008Lakner\u2008L\u00e1szl\u00f3,\u2008Lantos\u2008Ferenc,\u2008Leg\u00e9ndy\u2008P\u00e9ter,\u2008Major\u2008J\u00e1nos,\u2008\u2008Maurer\u2008D\u00f3ra,\u2008M\u00e9hes\u2008L\u00e1szl\u00f3,\u2008N\u00e1dler\u2008Istv\u00e1n,\u2008Orsz\u00e1g\u2008Lili,\u2008Pauer\u2008Gyula,\u2008Perneczky\u2008G\u00e9za,\u2008Pinczehelyi\u2008S\u00e1ndor,\u2008Scha\u00e1r\u2008Erzs\u00e9bet,\u2008Somogyi\u2008J\u00f3zsef,\u2008Szentj\u00f3by\u2008Tam\u00e1s,\u2008Szij\u00e1rt\u00f3\u2008K\u00e1lm\u00e1n,\u2008T\u00f3t\u2008Endre,\u2008T\u00fcrk\u2008P\u00e9ter,\u2008Vilt\u2008Tibor<\/h4>\n<h4 style=\"margin-top: 30px;\">Grafika: de_form (D\u00e9ri Enik\u0151, Demeczky N\u00f3ra)<\/h4>\n[\/vc_column_text][divider line_type=&#8221;No Line&#8221; custom_height=&#8221;5&#8243;][\/vc_column][\/vc_row][vc_row type=&#8221;in_container&#8221; full_screen_row_position=&#8221;middle&#8221; scene_position=&#8221;center&#8221; text_color=&#8221;dark&#8221; text_align=&#8221;center&#8221; overlay_strength=&#8221;0.3&#8243; shape_divider_position=&#8221;bottom&#8221; bg_image_animation=&#8221;none&#8221; shape_type=&#8221;&#8221;][vc_column column_padding=&#8221;no-extra-padding&#8221; column_padding_position=&#8221;left-right&#8221; background_color_opacity=&#8221;1&#8243; background_hover_color_opacity=&#8221;1&#8243; column_link_target=&#8221;_self&#8221; column_shadow=&#8221;none&#8221; column_border_radius=&#8221;none&#8221; width=&#8221;1\/1&#8243; tablet_width_inherit=&#8221;default&#8221; tablet_text_alignment=&#8221;default&#8221; phone_text_alignment=&#8221;default&#8221; column_border_width=&#8221;none&#8221; column_border_style=&#8221;solid&#8221; bg_image_animation=&#8221;none&#8221;][vc_column_text]<div class=\"pt-cv-wrapper\"><div class=\"pt-cv-view pt-cv-grid pt-cv-colsys pt-cv-content-hover pt-cv-clickable effect-ud pt-cv-overlay-middle\" id=\"pt-cv-view-b28a44dy0r\"><div data-id=\"pt-cv-page-1\" class=\"pt-cv-page\" data-cvc=\"2\"><div class=\"col-md-6 col-sm-6 col-xs-12 pt-cv-content-item pt-cv-1-col\"  data-pid=\"16277\"><div class='pt-cv-ifield'><div class=\"pt-cv-hover-wrapper\"><a href=\"https:\/\/balkon.art\/home\/online-2019\/1971-parhuzamos-kulonidok-muzeum\/\" class=\"_self pt-cv-href-thumbnail pt-cv-thumb-default cvplbd\" target=\"_self\" ><img loading=\"lazy\" decoding=\"async\" width=\"1000\" height=\"525\" src=\"https:\/\/balkon.art\/home\/ba-app\/uploads\/2019\/04\/balkon-1971-parhuzamos-kulonidok-muzeum-fb-1200x630-1000x525.jpg\" class=\"pt-cv-thumbnail img-none\" alt=\"1971 P\u00e1rhuzamos k\u00fcl\u00f6nid\u0151k | M\u00fazeum\" srcset=\"https:\/\/balkon.art\/home\/ba-app\/uploads\/2019\/04\/balkon-1971-parhuzamos-kulonidok-muzeum-fb-1200x630-1000x525.jpg\" sizes=\"auto, (max-width: 1000px) 100vw, 1000px\" \/><\/a><div class=\"pt-cv-mask\"><h4 class=\"pt-cv-animation-left pt-cv-title\"><a href=\"https:\/\/balkon.art\/home\/online-2019\/1971-parhuzamos-kulonidok-muzeum\/\" class=\"_self cvplbd\" target=\"_self\" >1971 P\u00e1rhuzamos k\u00fcl\u00f6nid\u0151k | M\u00fazeum<\/a><\/h4><\/div><\/div><\/div><\/div>\n<div class=\"col-md-6 col-sm-6 col-xs-12 pt-cv-content-item pt-cv-1-col\"  data-pid=\"16359\"><div class='pt-cv-ifield'><div class=\"pt-cv-hover-wrapper\"><a href=\"https:\/\/balkon.art\/home\/online-2019\/1971-parhuzamos-kulonidok-mufajok-kozott-kontextus-visszatekintes\/\" class=\"_self pt-cv-href-thumbnail pt-cv-thumb-default cvplbd\" target=\"_self\" ><img loading=\"lazy\" decoding=\"async\" width=\"1000\" height=\"525\" src=\"https:\/\/balkon.art\/home\/ba-app\/uploads\/2019\/04\/balkon-parhuzamos-kulonidok-kmv-fb-2-1200x630-1000x525.jpg\" class=\"pt-cv-thumbnail img-none\" alt=\"1971 P\u00e1rhuzamos k\u00fcl\u00f6nid\u0151k | M\u0171fajok k\u00f6z\u00f6tt, Kontextus, Visszatekint\u00e9s\" srcset=\"https:\/\/balkon.art\/home\/ba-app\/uploads\/2019\/04\/balkon-parhuzamos-kulonidok-kmv-fb-2-1200x630-1000x525.jpg\" sizes=\"auto, (max-width: 1000px) 100vw, 1000px\" \/><\/a><div class=\"pt-cv-mask\"><h4 class=\"pt-cv-animation-left pt-cv-title\"><a href=\"https:\/\/balkon.art\/home\/online-2019\/1971-parhuzamos-kulonidok-mufajok-kozott-kontextus-visszatekintes\/\" class=\"_self cvplbd\" target=\"_self\" >1971 P\u00e1rhuzamos k\u00fcl\u00f6nid\u0151k | M\u0171fajok k\u00f6z\u00f6tt, Kontextus, Visszatekint\u00e9s<\/a><\/h4><\/div><\/div><\/div><\/div>\n<div class=\"col-md-6 col-sm-6 col-xs-12 pt-cv-content-item pt-cv-1-col\"  data-pid=\"16983\"><div class='pt-cv-ifield'><div class=\"pt-cv-hover-wrapper\"><a href=\"https:\/\/balkon.art\/home\/online-2019\/1971-parhuzamos-kulonidok-elkepzelesek\/\" class=\"_self pt-cv-href-thumbnail pt-cv-thumb-default cvplbd\" target=\"_self\" ><img loading=\"lazy\" decoding=\"async\" width=\"1000\" height=\"525\" src=\"https:\/\/balkon.art\/home\/ba-app\/uploads\/2019\/04\/balkon-1971-parhuzamos-kulonidok-elkepzelesek-fb-1200x630-1000x525.jpg\" class=\"pt-cv-thumbnail img-none\" alt=\"1971 P\u00e1rhuzamos k\u00fcl\u00f6nid\u0151k | Elk\u00e9pzel\u00e9sek\" srcset=\"https:\/\/balkon.art\/home\/ba-app\/uploads\/2019\/04\/balkon-1971-parhuzamos-kulonidok-elkepzelesek-fb-1200x630-1000x525.jpg\" sizes=\"auto, (max-width: 1000px) 100vw, 1000px\" \/><\/a><div class=\"pt-cv-mask\"><h4 class=\"pt-cv-animation-left pt-cv-title\"><a href=\"https:\/\/balkon.art\/home\/online-2019\/1971-parhuzamos-kulonidok-elkepzelesek\/\" class=\"_self cvplbd\" target=\"_self\" >1971 P\u00e1rhuzamos k\u00fcl\u00f6nid\u0151k | Elk\u00e9pzel\u00e9sek<\/a><\/h4><\/div><\/div><\/div><\/div>\n<div class=\"col-md-6 col-sm-6 col-xs-12 pt-cv-content-item pt-cv-1-col\"  data-pid=\"16300\"><div class='pt-cv-ifield'><div class=\"pt-cv-hover-wrapper\"><a href=\"https:\/\/balkon.art\/home\/online-2019\/1971-parhuzamos-kulonidok-terracs\/\" class=\"_self pt-cv-href-thumbnail pt-cv-thumb-default cvplbd\" target=\"_self\" ><img loading=\"lazy\" decoding=\"async\" width=\"1000\" height=\"525\" src=\"https:\/\/balkon.art\/home\/ba-app\/uploads\/2019\/04\/balkon-kulonidok-terracs-fb-1-1200x630-1000x525.jpg\" class=\"pt-cv-thumbnail img-none\" alt=\"1971 P\u00e1rhuzamos k\u00fcl\u00f6nid\u0151k | T\u00e9rr\u00e1cs\" srcset=\"https:\/\/balkon.art\/home\/ba-app\/uploads\/2019\/04\/balkon-kulonidok-terracs-fb-1-1200x630-1000x525.jpg\" sizes=\"auto, (max-width: 1000px) 100vw, 1000px\" \/><\/a><div class=\"pt-cv-mask\"><h4 class=\"pt-cv-animation-left pt-cv-title\"><a href=\"https:\/\/balkon.art\/home\/online-2019\/1971-parhuzamos-kulonidok-terracs\/\" class=\"_self cvplbd\" target=\"_self\" >1971 P\u00e1rhuzamos k\u00fcl\u00f6nid\u0151k | T\u00e9rr\u00e1cs<\/a><\/h4><\/div><\/div><\/div><\/div><\/div><\/div><\/div>\t\t\t<style type=\"text\/css\" id=\"pt-cv-inline-style-7d95cd24hd\">#pt-cv-view-b28a44dy0r .pt-cv-content-item { padding-bottom: 30px !important; }\n#pt-cv-view-b28a44dy0r .pt-cv-title a, #pt-cv-view-b28a44dy0r  .panel-title { font-size: 17px !important; color: #ffffff !important; line-height: 1.4 !important; }\n@media (min-width: 768px) and (max-width: 991px) {#pt-cv-view-b28a44dy0r .pt-cv-title a, #pt-cv-view-b28a44dy0r  .panel-title { font-size: 15px !important }}\n@media (max-width: 767px) {#pt-cv-view-b28a44dy0r .pt-cv-title a, #pt-cv-view-b28a44dy0r  .panel-title { font-size: 15px !important }}\n#pt-cv-view-b28a44dy0r  .pt-cv-title a:hover, #pt-cv-view-b28a44dy0r  .panel-title:hover   { font-size: 17px !important; color: #ffffff !important; line-height: 1.4 !important; }\n@media (min-width: 768px) and (max-width: 991px) {#pt-cv-view-b28a44dy0r  .pt-cv-title a:hover, #pt-cv-view-b28a44dy0r  .panel-title:hover   { font-size: 15px !important }}\n@media (max-width: 767px) {#pt-cv-view-b28a44dy0r  .pt-cv-title a:hover, #pt-cv-view-b28a44dy0r  .panel-title:hover   { font-size: 15px !important }}\n#pt-cv-view-b28a44dy0r  .pt-cv-content-item:hover .pt-cv-hover-wrapper::before   { background-color: rgba(0,36,181,0.44) !important; }\n#pt-cv-view-b28a44dy0r:not(.pt-cv-nohover) .pt-cv-mask *   { color: rgba(255,255,255,0.44); }\n#pt-cv-view-b28a44dy0r .pt-cv-readmore  { color: #ffffff !important; background-color: #00aeef !important; }\n#pt-cv-view-b28a44dy0r .pt-cv-readmore:hover  { color: #ffffff !important; background-color: #00aeef !important; }<\/style>\r\n\t\t\t[\/vc_column_text][\/vc_column][\/vc_row][vc_row type=&#8221;in_container&#8221; full_screen_row_position=&#8221;middle&#8221; scene_position=&#8221;center&#8221; text_color=&#8221;dark&#8221; text_align=&#8221;left&#8221; overlay_strength=&#8221;0.3&#8243; shape_divider_position=&#8221;bottom&#8221; bg_image_animation=&#8221;none&#8221;][vc_column column_padding=&#8221;no-extra-padding&#8221; column_padding_position=&#8221;all&#8221; background_color_opacity=&#8221;1&#8243; background_hover_color_opacity=&#8221;1&#8243; column_link_target=&#8221;_self&#8221; column_shadow=&#8221;none&#8221; column_border_radius=&#8221;none&#8221; width=&#8221;1\/1&#8243; tablet_width_inherit=&#8221;default&#8221; tablet_text_alignment=&#8221;default&#8221; phone_text_alignment=&#8221;default&#8221; column_border_width=&#8221;none&#8221; column_border_style=&#8221;solid&#8221; bg_image_animation=&#8221;none&#8221;][divider line_type=&#8221;No Line&#8221; custom_height=&#8221;20&#8243;][vc_column_text]\n<h4 class=\"pdf-w-0\" style=\"text-align: center;\"><a href=\"https:\/\/drive.google.com\/file\/d\/1MZkWuIZ5T2qZ667mdzPpsqrLUNz2ohf4\/view?usp=sharing\" target=\"_blank\" rel=\"noopener noreferrer\">T\u00c9RK\u00c9P<\/a><\/h4>\n[\/vc_column_text][divider line_type=&#8221;No Line&#8221; custom_height=&#8221;5&#8243;][\/vc_column][\/vc_row][vc_row type=&#8221;full_width_content&#8221; full_screen_row_position=&#8221;middle&#8221; scene_position=&#8221;center&#8221; text_color=&#8221;dark&#8221; text_align=&#8221;center&#8221; overlay_strength=&#8221;0.3&#8243; shape_divider_position=&#8221;bottom&#8221; bg_image_animation=&#8221;none&#8221; shape_type=&#8221;&#8221;][vc_column column_padding=&#8221;no-extra-padding&#8221; column_padding_position=&#8221;all&#8221; background_color_opacity=&#8221;1&#8243; background_hover_color_opacity=&#8221;1&#8243; column_link_target=&#8221;_self&#8221; column_shadow=&#8221;none&#8221; column_border_radius=&#8221;none&#8221; el_class=&#8221;p-3-4&#8243; width=&#8221;1\/1&#8243; tablet_width_inherit=&#8221;default&#8221; tablet_text_alignment=&#8221;default&#8221; phone_text_alignment=&#8221;default&#8221; column_border_width=&#8221;none&#8221; column_border_style=&#8221;solid&#8221; bg_image_animation=&#8221;none&#8221;]<div class=\"sharing-default-minimal\"><div class=\"nectar-social default\" data-position=\"left\" data-color-override=\"override\"><div class=\"nectar-social-inner\"><a class='facebook-share nectar-sharing' href='#' title='Share this'>  <i class='fa fa-facebook'><\/i> <span class='social-text'>Share<\/span> <\/a><a class='twitter-share nectar-sharing' href='#' title='Share this'> <i class='fa icon-salient-x-twitter'><\/i> <span class='social-text'>Share<\/span> <\/a><a class='pinterest-share nectar-sharing' href='#' title='Pin this'> <i class='fa fa-pinterest'><\/i> <span class='social-text'>Pin<\/span> <\/a><\/div><\/div><\/div>[\/vc_column][\/vc_row]\n","protected":false},"excerpt":{"rendered":"<p>[vc_row type=&#8221;in_container&#8221; full_screen_row_position=&#8221;middle&#8221; scene_position=&#8221;center&#8221; text_color=&#8221;dark&#8221; text_align=&#8221;left&#8221; overlay_strength=&#8221;0.3&#8243; shape_divider_position=&#8221;bottom&#8221; bg_image_animation=&#8221;none&#8221;][\/vc_row][vc_row type=&#8221;in_container&#8221; full_screen_row_position=&#8221;middle&#8221; scene_position=&#8221;center&#8221; text_color=&#8221;dark&#8221; text_align=&#8221;left&#8221; overlay_strength=&#8221;0.3&#8243; shape_divider_position=&#8221;bottom&#8221; bg_image_animation=&#8221;none&#8221;][vc_column column_padding=&#8221;no-extra-padding&#8221; column_padding_position=&#8221;top-bottom&#8221; background_color_opacity=&#8221;1&#8243; background_hover_color_opacity=&#8221;1&#8243; column_link_target=&#8221;_self&#8221; column_shadow=&#8221;none&#8221; column_border_radius=&#8221;none&#8221; el_class=&#8221;p-4-6&#8243; width=&#8221;1\/1&#8243; tablet_width_inherit=&#8221;default&#8221; tablet_text_alignment=&#8221;default&#8221; phone_text_alignment=&#8221;default&#8221; column_border_width=&#8221;none&#8221;&#8230;<\/p>\n","protected":false},"author":1,"featured_media":16999,"parent":15155,"menu_order":14,"comment_status":"closed","ping_status":"closed","template":"","meta":{"_acf_changed":false,"h5ap_radio_sources":[],"footnotes":""},"page_kiemeles":[],"page_online-evek":[],"class_list":["post-19368","page","type-page","status-publish","has-post-thumbnail"],"acf":[],"_links":{"self":[{"href":"https:\/\/balkon.art\/home\/wp-json\/wp\/v2\/pages\/19368","targetHints":{"allow":["GET"]}}],"collection":[{"href":"https:\/\/balkon.art\/home\/wp-json\/wp\/v2\/pages"}],"about":[{"href":"https:\/\/balkon.art\/home\/wp-json\/wp\/v2\/types\/page"}],"author":[{"embeddable":true,"href":"https:\/\/balkon.art\/home\/wp-json\/wp\/v2\/users\/1"}],"replies":[{"embeddable":true,"href":"https:\/\/balkon.art\/home\/wp-json\/wp\/v2\/comments?post=19368"}],"version-history":[{"count":0,"href":"https:\/\/balkon.art\/home\/wp-json\/wp\/v2\/pages\/19368\/revisions"}],"up":[{"embeddable":true,"href":"https:\/\/balkon.art\/home\/wp-json\/wp\/v2\/pages\/15155"}],"wp:featuredmedia":[{"embeddable":true,"href":"https:\/\/balkon.art\/home\/wp-json\/wp\/v2\/media\/16999"}],"wp:attachment":[{"href":"https:\/\/balkon.art\/home\/wp-json\/wp\/v2\/media?parent=19368"}],"wp:term":[{"taxonomy":"page_kiemeles","embeddable":true,"href":"https:\/\/balkon.art\/home\/wp-json\/wp\/v2\/page_kiemeles?post=19368"},{"taxonomy":"page_online-evek","embeddable":true,"href":"https:\/\/balkon.art\/home\/wp-json\/wp\/v2\/page_online-evek?post=19368"}],"curies":[{"name":"wp","href":"https:\/\/api.w.org\/{rel}","templated":true}]}}